= -l**3 + 6*l**2 - 5*l + 2. Let z be a(5). Suppose z*k - 99 = 3. Suppose -4*c - k = -231. What is the tens digit of c?
4
Let k(n) = 1102*n**2 + 28*n - 25. What is the units digit of k(1)?
5
Suppose 0 = -45*q + 49*q - 2060. What is the hundreds digit of q?
5
Suppose -2*a + 3 = 5*b - 1, 0 = 5*a - 3*b - 10. Suppose -a*f + 91 = 23. What is the units digit of f?
4
Let j(y) = y**2 - 16*y + 91. What is the units digit of j(5)?
6
Let l be 0 - (-3 + 1)/(-2)*0. Suppose s + 7*h = 2*h + 112, l = -h - 1. What is the tens digit of s?
1
Let f(i) be the second derivative of -79*i**3/6 - 3*i**2/2 + 16*i. What is the hundreds digit of f(-2)?
1
Suppose 13 = -4*f + 1053. What is the tens digit of f?
6
Let i = -330 + 445. What is the units digit of i?
5
Suppose -n + 2*o + 5570 = n, 4*o = 2*n - 5564. What is the tens digit of n?
8
Let a(v) = v - 2. Let s be (-6)/3*(-35)/10. Let c be a(s). Suppose -4*w - 2 = c*m - 241, -4*m = -w - 208. What is the tens digit of m?
5
Suppose x = -0*x - 4*b + 33, -2*b = -2*x + 26. Suppose -5*g + 3 = -x. Suppose k - 17 = r, -g*k + k + 2*r = -51. What is the units digit of k?
7
Suppose -4*k = -22 + 6. Suppose -4*l + 8*l - k = 0, -2*l = 5*n - 152. Suppose -g + 4*u = g - n, -u = -4*g + 67. What is the units digit of g?
7
Let l = -1115 - -3258. What is the tens digit of l?
4
Let i(u) = u**2 + 7*u - 4. Let f(j) = -j**2 - 6*j - 13. Let k be f(-6). Let d be i(k). Let s = d + -45. What is the tens digit of s?
2
Let y be 1350/(-12)*8/6. Let z be y/(-4)*(-4)/(-6). Suppose -z = -3*v + 5*t, 3*v - v + 5*t - 25 = 0. What is the units digit of v?
0
Let q be 0/(-1) + -4 + 9. Let i(p) = p**2 - p - 6. What is the tens digit of i(q)?
1
Let u(k) = -14*k. Let v(l) = l - 4. Let q be v(2). Let r be u(q). Suppose 5*o - 4*o = r. What is the units digit of o?
8
Let v be 27 + 2 - (1 + 3). Suppose v = -h + 218. What is the tens digit of h?
9
Let y be 16/10 + 8/20. Suppose -2*c + 6 = y. Suppose c*d - 19 = d. What is the tens digit of d?
1
Let z be (-4)/(-10) + 363/5. Let q(u) = -u**3 + 2*u**2 + 2*u + 5. Let p be q(3). Suppose 0*a - 5*a + 45 = -5*l, z = 5*a + p*l. What is the units digit of a?
3
What is the units digit of 3220/3 - -8 - 4/12?
1
Suppose 92*d - 359512 = -99060. What is the units digit of d?
1
Let g be (1 - -2)/((-9)/(-21)). Let s be g/2 + 24/16. Suppose -s*b - 16 = -2*w + 61, 9 = -3*b. What is the tens digit of w?
3
Let u(d) = 8*d**3 + 2*d**2 - 1. Let s be u(-1). Let n = s - -8. What is the tens digit of (-10)/((-2)/(-4) - n)?
2
Suppose 2*m = -2*a + 1008 + 98, 4*m - 2215 = -3*a. What is the hundreds digit of m?
5
Let f(c) = 5*c**2 - 2*c + 1. Let v be f(1). Suppose 2*a - 3*s - 113 = 0, 0 = 8*a - 5*a - s - 173. Let i = a - v. What is the units digit of i?
4
Suppose 4*b - 16 = -0*b. Suppose -8*u = -b*u - 204. What is the units digit of u?
1
Let h(k) = k**2 + k - 9. Let q be h(7). Let z = 20 - 2. Let v = q - z. What is the tens digit of v?
2
Let d = 126 + 371. What is the tens digit of d?
9
What is the hundreds digit of (-10)/22 + 1 - (-30160)/44?
6
Let a = 6029 + -3189. What is the thousands digit of a?
2
Suppose -20*i + 16*i + 6284 = 0. What is the hundreds digit of i?
5
Suppose 3*t + 25 = 5*o, 4*o - 4*t - 14 = 7*o. What is the units digit of o?
2
Let r be (4/(-12))/((-1)/3)*2. What is the units digit of 35 - (3/2)/(r/(-4))?
8
Let t = -25 + 29. Suppose -87 = -2*p + 5*d, -t*d + 19 = -4*p + 163. What is the tens digit of p?
3
Suppose 0*x = -5*x + 10. Suppose 4*a - 26 = -a + 3*b, x*b - 4 = -2*a. What is the tens digit of 58/a - (-2)/(-4)?
1
Let s(g) = g**3 - g + 281. What is the units digit of s(0)?
1
Suppose -17*u - 404 + 132 = 0. What is the tens digit of (-19 - 1)*232/u?
9
Let z = 30 + -47. Let s(t) = t**2 - 2*t - 13. Let i(j) = -3*j**2 + 5*j + 38. Let o(b) = z*s(b) - 6*i(b). What is the tens digit of o(-7)?
1
Let c(l) be the first derivative of l**6/360 + l**5/30 - l**4/8 - 5*l**3/3 + 6. Let a(n) be the third derivative of c(n). What is the units digit of a(-6)?
9
Let b(l) = 13*l**3 + 11*l**2 - 14*l - 12. What is the tens digit of b(5)?
1
Let f(p) = p**3 + p**2 - p + 174. Let y be f(0). Suppose 4*s - 3*o - y - 19 = 0, 2*s - 97 = o. What is the units digit of s?
9
Let v(t) = -6 - 22*t**3 - t**2 + 13 - 3 + t - 2. Let g be v(-1). Let s = g - 3. What is the units digit of s?
9
Suppose -114*d + 107*d = -1085. What is the hundreds digit of d?
1
What is the hundreds digit of (60/8)/(3/(-129))*-2?
6
Let s = 3871 + -323. What is the thousands digit of s?
3
Suppose 5*b - 2071 = -2*q, 6 = -b + 1. Suppose 0*p = -8*p + q. What is the hundreds digit of p?
1
What is the units digit of (1 - 4/6)*2022?
4
Let u(q) = 2*q**2 - 10*q - 1. Let p be u(10). Suppose 0 = -4*f + 9*f - 15. What is the tens digit of 2*(p/6)/f?
1
Suppose 4*p + 2*p - 12 = 0. Let y(m) = 19*m**2 + 5. What is the units digit of y(p)?
1
Let k(i) = i**2 + 9*i - 11. Let c be k(-10). Let d(r) = -21*r**3 + 1. What is the units digit of d(c)?
2
Let l = 0 + 15. What is the tens digit of ((-342)/l)/((-8)/20)?
5
Let h be ((-1)/1 - -3)*-7. Let t = h + -6. What is the units digit of 5/(t/12) + 40?
7
Let x(i) = -2*i**3 + i**2 - 8*i - 15. What is the hundreds digit of x(-6)?
5
Suppose 5*v + 4 = 19. Suppose y + 8 = -v*i + 4, -24 = -2*y + 2*i. What is the units digit of y?
8
Suppose -46*g + 42*g = 0. Let y(v) = -v**3 + 10*v**2 - 7*v - 13. Let q be y(9). Suppose 2*j = 5*a - 76, a + q*j + 1 = -g. What is the units digit of a?
4
Suppose -3*s - 2*s = 0. Suppose -4*v + s*v = -20. Suppose -2*p + 64 + 3 = -v*b, 157 = 5*p - 2*b. What is the tens digit of p?
3
Let q = -15 + 15. Suppose 3*s - 207 = -q*s. Suppose -3*u = -0*u - s. What is the tens digit of u?
2
Suppose -3*d - 3*d = 240. Let z = d + 77. What is the units digit of z?
7
Let r = -26 + 244. What is the units digit of r?
8
Suppose 308 = a - 280. What is the hundreds digit of a?
5
Let h(c) = 2*c + 46. Let u be h(-22). Let y(r) = 48*r**2 + 5*r. What is the units digit of y(u)?
2
Let d(m) = -219*m - 225. What is the units digit of d(-18)?
7
Let m be 12/(-18)*(-1 + -2). Suppose -5*d + 45 = -580. Suppose 0 = -3*k - m*k + d. What is the tens digit of k?
2
Let i(h) = 42*h**2 - 71*h - 296. What is the units digit of i(-4)?
0
Let a be 4/(-18) + -655*4/36. Let t = 136 + a. What is the units digit of t?
3
Let c(i) = 3*i**2 - 6*i. Let l be c(-3). Suppose -l*b = -47*b + 260. What is the units digit of b?
0
Let m(l) = 44*l - 71. What is the hundreds digit of m(5)?
1
Suppose -6*x = -2*f - 2*x + 208, 0 = -4*x + 16. Let k = f - -42. What is the tens digit of k?
5
Suppose 0 = -4*o - 0*o + 5544. Suppose -10*g + 3*g + o = 0. What is the hundreds digit of g?
1
Suppose -a = 4*w - 22, 5*w - 3*a = a + 17. What is the units digit of (-366)/(-3) + (-10)/w?
0
Let x = 1 + -2. Let s = 7 + x. Suppose s*r = 9*r - 48. What is the units digit of r?
6
Let n(r) = 117*r + 202. What is the units digit of n(18)?
8
Let k(p) = p + 17. Let a be k(-15). Let r(q) = 35*q**2 - q + 2. What is the units digit of r(a)?
0
Let j be ((-15)/(-5) - 0) + -1. Suppose -j*l - 3*q - 152 = -4*l, -3*l + 213 = 3*q. What is the tens digit of l?
7
Suppose -11*p + 858 = -231. What is the tens digit of p?
9
Let i be (10 + -1)/3 + 13. Suppose 3*y + i = 184. What is the units digit of y?
6
Suppose l - 1016 = -3*y - 216, y = -l + 790. What is the hundreds digit of l?
7
Let w(n) = -30*n + 528. What is the units digit of w(-47)?
8
Let u(q) = 88*q**2 + 4*q - 3. Let n(o) = o**2 - 14*o + 25. Let y be n(12). What is the tens digit of u(y)?
8
Suppose -18 = -2*n - n. What is the units digit of (0 + 130)*n/15?
2
Let c(b) = 43*b**2 + 4. Let w(m) = -129*m**2 + m - 12. Let a(d) = -8*c(d) - 3*w(d). What is the tens digit of a(2)?
7
Let u = 86 + -60. Suppose 5*k - 250 = 4*b + 52, -b = 3*k - 171. Suppose u = 3*s - k. What is the tens digit of s?
2
Let z(g) = 89*g - 1. What is the units digit of z(3)?
6
What is the tens digit of (42/8*18 - -6)*8?
0
Suppose 9*b - 11*b + 388 = 0. Suppose -418 = -4*a + b. What is the tens digit of a?
5
Suppose y = -4*s + 1213, 0*s + 5*y - 1217 = -4*s. Suppose -3*w = -7*j + 6*j + s, 5*w = j - 295. What is the tens digit of j?
1
What is the tens digit of 20824/(-190)*(-30)/4?
2
Let c be 4 + ((-3)/9 - 112/6). Let t(q) = -q**2 - 27*q + 20. What is the tens digit of t(c)?
0
What is the units digit of (-5)/7 - 759264/(-33